 tens digit of w?
1
Suppose -b - 36*b = -4*b - 194568. What is the tens digit of b?
9
Let y(z) = z - 46. Let l be y(11). Let g be (-3)/7 - (610/l - 1). What is the units digit of (-3578)/(-18) - g/(-81)?
9
Suppose -5*i = 3*b - 57765, -600*b = -603*b - 15. What is the thousands digit of i?
1
Let o = -363 + 365. Suppose 3*q - 3*t = -0*t + 1416, -o*q = -4*t - 944. What is the units digit of q?
2
Suppose 8*h - 36 = -12. Suppose -h*o + 244 = 5*l, -3*o = l + 2*l - 240. What is the units digit of o?
8
Suppose -5*b = -11 - 34. Let r(p) = p**3 - 6*p**2 + 6*p + 7. What is the hundreds digit of r(b)?
3
Let f = 84 - 409. Let c = -187 - f. What is the tens digit of c?
3
What is the hundreds digit of (0 + (-10165)/(-15))/(2/18)?
0
Let y = -169 + 179. What is the tens digit of (y/6)/(2/66 - 0)?
5
What is the tens digit of 133/(14 + (-181)/13)?
2
What is the ten thousands digit of (12848 - (-9 + 2))/(14/14)?
1
Suppose 4*c + 5 = -c, i - 11 = 5*c. What is the tens digit of 496/i*6 + 4?
0
Let h(i) = i**3 + 9*i**2 - 8*i - 15. Let u be h(-6). Let b = -612 + u. Let s = b + 664. What is the tens digit of s?
9
What is the hundreds digit of (3 - (7 - 12)) + 6567 - 9?
5
Let d(v) = 1425*v**2 - 55*v + 4. What is the units digit of d(3)?
4
Suppose 5*r + 3*l - 28 = 0, 5*r + 4*l - 10 - 14 = 0. Suppose -12 = r*j - 12*j. Suppose -5*y = -5*k - 220, -3*k - 84 = -j*y + y. What is the units digit of y?
8
Suppose 4*r - 5*m = 7*r - 90, 0 = 3*m - 9. Let t(h) = h**3 - 26*h**2 + 18*h - 22. Let d be t(r). What is the hundreds digit of d/(-2*(-3 + (-28)/(-8)))?
1
Suppose -45*x + 1547565 = -409170. What is the hundreds digit of x?
4
Let x = 72 + -107. Let u be -331 + (-7)/(x/20). Let j = 480 + u. What is the tens digit of j?
5
Let s(v) = -2*v + 19. Let x be s(8). Suppose -1968 = -19*n + x*n. Let k = n + -83. What is the tens digit of k?
4
Let f be (10/(-25))/((-3)/(-825)). What is the units digit of 11/(f/(-8)) - (-1611)/5?
3
Let p = -10376 - -17368. Suppose -17*w - p = -25*w. What is the hundreds digit of w?
8
What is the tens digit of 292*(-5790)/(-24) + 22?
6
Suppose -8*v = -5*v - 45. Suppose d + 60 = 5*y + 6*d, -v = -3*d. What is the units digit of y?
7
Suppose 0 = -15*i + 11*i + 720. Let s = 364 + i. What is the tens digit of s?
4
Let g(u) = -2*u**2 - 20*u - 5. Let r be g(-8). Let m(l) = 2*l**2 - 23*l - 38. What is the units digit of m(r)?
9
Let x(k) = -202*k**2 - 1. Suppose 10 = -5*r, 7 = -g - 5*r - 4. Let m be x(g). What is the hundreds digit of m/(-2) + 2/4?
1
Let d(a) = -476*a + 767. What is the hundreds digit of d(-13)?
9
Let i be ((-2)/4 + -3 - -3)*-18. Suppose -i*t + 12*t - 1182 = 0. What is the hundreds digit of t?
3
Suppose -199264 = -5*o - 3*z, 466925 - 148126 = 8*o - 3*z. What is the tens digit of o?
5
Let c be (-274)/30 - 64/(-480). Let g(u) = -34*u - 44. What is the tens digit of g(c)?
6
Let t(d) = 20*d**2 - 4*d - 7. Suppose -12*l - 155 + 203 = 0. What is the hundreds digit of t(l)?
2
Let i = -288 - -288. Suppose -5*j - w + 202 = i, 0 = j + 2*w - 15 - 20. What is the units digit of j?
1
Let m(t) = 2*t**2 - 30*t - 835. What is the thousands digit of m(-42)?
3
Let v(c) be the third derivative of -4*c**4/3 + 11*c**3/6 - 11*c**2. Let q(z) = 16*z - 5. Let n(g) = 7*q(g) + 4*v(g). What is the tens digit of n(-5)?
8
What is the hundreds digit of (-20110)/2*2975/(-875)?
1
Let g = 114 - 94. Suppose 19*m + 10 = g*m. What is the units digit of m?
0
Let l = 67 - 66. What is the tens digit of 10 + -12 + 231 + l?
3
Let q = 27185 + -16513. What is the ten thousands digit of q?
1
Let u(g) = 7*g**2 + 183*g - 523. What is the tens digit of u(47)?
4
Let a(d) = 3572*d - 5005. What is the units digit of a(12)?
9
Suppose -14*c + 8*c - 678 = 0. Let m = 577 - c. What is the tens digit of m?
9
Suppose h + r - 39643 - 2776 = 0, 3*r = -h + 42403. What is the tens digit of h?
2
What is the ten thousands digit of ((-2)/(-12) - 85/(-1020))*(-62636)/(-1)?
1
Let d = -59532 + 103940. What is the units digit of d?
8
Suppose -2*h = -0*h + 2*u - 15076, -5*u = -3*h + 22654. What is the tens digit of h?
4
Suppose 200 = -25*c - 50. What is the hundreds digit of (12/c)/(3/(-470))?
1
Suppose 45 = -3*r - 2*g, 0 = -2*r + 2*g - 7*g - 19. Let i = 22 + r. What is the tens digit of 90/i*(-5)/(-3)?
3
Let z(t) = 32*t**2 + 2*t - 3. Let u be (21/6 + -2)/(1/(-2)). Let s(g) = -31*g**2 - g + 2. Let h(w) = u*z(w) - 4*s(w). What is the tens digit of h(2)?
0
Let t be (-14)/63 + 416/18*11. Suppose -a - 2 = 0, -j + 4*a = -t + 25. What is the hundreds digit of j?
2
Suppose -5*t + 9960 = 5*c, -4*c + 2099 - 107 = t. Suppose 17*j - 17524 = t. What is the units digit of j?
8
Suppose -o = 3*m - 26626 + 5890, -m = -o - 6912. Suppose -3*a + 27*a = m. What is the hundreds digit of a?
2
Suppose 8*i + 9*i - 7*i - 133050 = 0. What is the tens digit of i?
0
Let w be 38*(4 - (4 - 4)/3). Let b = w + 135. Suppose -b = -3*r - 4*o, 295 = -2*r + 5*r - 4*o. What is the units digit of r?
7
Let k = -31566 - -46567. What is the hundreds digit of k?
0
Suppose 19*h - 5550136 = -68*h - 388861. What is the hundreds digit of h?
3
Suppose -34*q - 4*g = -34*q, 3*g = 3*q - 43404. What is the thousands digit of q?
4
Let z(c) = -2*c + 153. Let t = 32 + -47. What is the units digit of z(t)?
3
Let g(d) be the first derivative of d**6/60 + d**5/20 + 17*d**4/24 - 5*d**3 - 25. Let j(q) be the third derivative of g(q). What is the tens digit of j(-5)?
3
Suppose 4*l + x + 70 + 28 = 0, 10 = 5*x. Let s be 6/8 + l/(-4). Suppose s + 17 = 2*k. What is the units digit of k?
2
Let x(o) = -350*o**3 + 4*o**2 - o - 8. Let p be x(-2). Suppose -39*f - p = -5*l - 40*f, f = -5. What is the tens digit of l?
6
Let f = -1 - -5. Suppose 0 = -4*b - 3*y + 321, -b + 3*y + 408 = f*b. Suppose 5*t + b - 551 = 0. What is the tens digit of t?
9
What is the units digit of 37839/((27/24)/(81/54))?
2
Let w be 4156/26 - (2 - (-84)/(-39)). Let a = 171 - w. What is the units digit of a?
1
Let w = -26516 - -47191. What is the hundreds digit of w?
6
Suppose -3*f + 121209 = -4*u, -4*f - 3*u = -187115 + 25528. What is the hundreds digit of f?
3
Let l(b) = -81 - 88 + 376*b - 351*b. What is the tens digit of l(10)?
8
Let c(d) = -3*d**2 - d**3 + 4*d**2 + 158 - 60 + 7*d - 4*d. Let z = -629 - -629. What is the tens digit of c(z)?
9
Let i = 69 - 62. Suppose -6*s = -i - 11. Suppose -5*d + 5*t = -535, -s*d = -2*d + 3*t - 103. What is the tens digit of d?
0
Suppose 12746 = -10*s + 17*s - 6*s. What is the units digit of s?
6
Suppose -3*c - 8 = -2*c. Let w be 3/(10/c + 2). Suppose -56 = w*p - 280. What is the tens digit of p?
5
Let o = 23686 - 16325. What is the units digit of o?
1
Suppose -5*i = -9*i - 14896. What is the units digit of (-29)/145 + (i/(-10))/2?
6
What is the hundreds digit of (-2)/(134535/(-12230) + 11)?
8
Let b = -671 - -1457. Suppose -8*i = -10*i + b. Suppose -4*u + i = -103. What is the hundreds digit of u?
1
Suppose 0 = -42*c + 38*c + 16. Suppose 440 = h + c*u - 39, 2*u + 2483 = 5*h. What is the units digit of h?
5
Let h = 13573 - 5954. What is the units digit of h?
9
Suppose -4*z = 3*m + 1, 2*z - 10 = 2*m - 0*m. Let y(c) = c**3 + 13*c**z + 0*c + 5*c - 3*c**2 + c. What is the tens digit of y(-8)?
8
Suppose 0 = -0*y - 2*y + 6. Suppose 0 = -0*d - y*d - 3*s + 27, 0 = 4*s - 20. Suppose 81 + 179 = 4*v + d*l, -5*v + 325 = -3*l. What is the tens digit of v?
6
Let g = 47644 - -11002. What is the ten thousands digit of g?
5
Let j = -523 - -879. Let o = j - -272. What is the units digit of o?
8
Let f = 2348 + -1533. Let u = -485 + f. What is the tens digit of u?
3
Suppose 3*a - 8*a + 10 = 0. Suppose -5*j - 2*r + 230 = 0, 0 = a*r - 3*r. Suppose j = 3*p - 422. What is the units digit of p?
6
Let t be 624/195 + (-27)/(-15) + -2. Suppose 3579 = 6*r - t*r. What is the thousands digit of r?
1
Let h = 280 - 159. Let t = h + 823. What is the hundreds digit of t?
9
Suppose -18*a = 20688 - 72654. Let j = 4079 - a. What is the tens digit of j?
9
Let y = 98111 - 55830. What is the ten thousands digit of y?
4
What is the thousands digit of -6 - 2097/(-18)*176/((-8)/(-4))?
0
Suppose -3*t + 2 - 11 = 0, 4*g - 1 = 3*t. What is the hundreds digit of 4*(-1404)/32*g?
3
Let w = -5 - 3. Let t = w + -128. Let j = -77 - t. What is the tens digit of j?
5
Suppose -2*z + 5*z - 15 = 0. Let x be (z - -25)*1/2. What is the tens